-2))/3 + 63/42 is divided by 12.
11
Let b = 0 + 4. Suppose 3*z = 2*z + b*c + 19, z - 2*c = 11. What is the remainder when 13 is divided by 6 + 0 + (2 - z)?
3
Let w(z) = 1 + 12*z**2 - 2*z**2 + 3*z**2 + z. Let l = 54 - 17. What is the remainder when l is divided by w(-1)?
11
Calculate the remainder when (-2)/(-4) - (-1380)/24 is divided by 22.
14
Let v = 7 - 4. Suppose -2*g = -v*c + 151, -2*c + 92 = 2*g + g. Let p = c + -35. Calculate the remainder when 27 is divided by p.
13
Suppose -24*h - 165 = -27*h. What is the remainder when h is divided by 10?
5
Let v = -22 + 58. Calculate the remainder when 141 is divided by v.
33
Let p(u) = 3*u + 4. What is the remainder when 46 is divided by p(4)?
14
Suppose 0 = 3*u + u - 64. Let f = 28 - u. What is the remainder when 47 is divided by f?
11
Let i(w) = -w - 1. What is the remainder when i(-6) is divided by (12/(-10))/((-4)/10)?
2
Let p be -6*(15/(-6) + 1). Let q be -1 + 0 + 1 - -3. Suppose -f = -p - q. Calculate the remainder when 22 is divided by f.
10
Suppose -4*g + 5*r + 22 = 0, -2*g - 6 = 5*r - 2. Let k be (6/9)/((-2)/(-15)). Let b = k + g. Calculate the remainder when 23 is divided by b.
7
Suppose 2*w - 3*s = -2, s + 43 = -5*w - s. Let l = 1 - w. What is the remainder when 15 is divided by l?
7
Let l(a) = -a**3 - a**2 - 2*a + 14. Calculate the remainder when 22 is divided by l(0).
8
Let b(u) = -u**2 - 20*u - 24. What is the remainder when b(-14) is divided by 21?
18
Suppose 89 = 3*l - 4*q - q, 108 = 4*l - 4*q. Let b(u) = u - 9. Let t be b(-8). Let k = t + 29. Calculate the remainder when l is divided by k.
11
Let g be (-1)/3*(-6 - 6). Suppose 0 = -g*m - m + 155. Calculate the remainder when 90 is divided by m.
28
Let n = 181 - 134. Calculate the remainder when n is divided by 16.
15
Suppose 15*v - 542 = 1528. Calculate the remainder when v is divided by 28.
26
Let j = 85 - 43. Suppose -2*m + 15 = -m. Calculate the remainder when j is divided by m.
12
What is the remainder when 64 is divided by (-3)/((-1)/11*1)?
31
Suppose -2*h = 5*d - 123, 5*h - 4*d = 20 + 238. What is the remainder when h is divided by 19?
16
Let p(o) = -o**3 - 2*o**2 + o - 4. Let r be p(-3). Suppose -5*s + 237 = -2*j - r*j, 2*j = s - 51. Calculate the remainder when s is divided by 23.
22
Let h(j) = -5*j - 18. Suppose 27 = -4*r + 83. Calculate the remainder when h(-9) is divided by r.
13
Suppose 3*c + 5*g = 2, -4*c + 43 = -2*c - 5*g. What is the remainder when 4/(6/3) + 15 is divided by c?
8
Suppose -l = -2*m + 2*l + 20, 0 = -4*m + 4*l + 44. What is the remainder when 21 is divided by m?
8
Suppose 9*u = 11*u - 18. Calculate the remainder when 17 is divided by u.
8
Suppose 4*m - 201 = m. Let j = 11 + -4. Let a(u) = -u**2 + 11*u - 5. What is the remainder when m is divided by a(j)?
21
Let f be 3 - 1 - (-19 + 14). Suppose 1 = f*t - 13. Suppose 24 = 3*x + 3*a - 0*a, 4*x + 3 = 3*a. What is the remainder when x is divided by t?
1
Let u(n) be the third derivative of n**4/12 - 5*n**3/3 + 2*n**2. Suppose 50 = p - 4*o, 6*o + 20 = o. Calculate the remainder when p is divided by u(11).
10
Suppose 413*k - 412*k - 122 = 0. What is the remainder when k is divided by 25?
22
Let l = 4 + -2. Suppose b - 4*h = -0*h - 2, -l*b + h = -17. What is the remainder when b is divided by 4?
2
Suppose 12*i - 14*i = -26. Suppose 4*k + 1 - 9 = 0. Suppose -c = k*c - 114. Calculate the remainder when c is divided by i.
12
Let h = 2 + 6. Let v(u) = -u**2 + h + 10*u + 2 - 2. Calculate the remainder when 29 is divided by v(10).
5
Let y = 21 - 4. Suppose -3*z = b - 11 - 17, -4*z + 39 = 3*b. What is the remainder when y is divided by z?
8
What is the remainder when (1 - -1)*(4 + 11) is divided by 10 - (-1 - 0)*1?
8
Let z(t) = t**3 - 3*t**2 + 2*t + 2. Let n be z(2). Calculate the remainder when n/(-7) + 605/35 is divided by 6.
5
Let n(r) = r**3 - 6*r**2 + 3*r + 6. Let u be n(5). Let j = -6 - -18. Let o = j - u. What is the remainder when 46 is divided by o?
14
Suppose 3 = -2*s - 1. Calculate the remainder when 54 is divided by s/(0 + (-3)/21).
12
Suppose -3*s + 6 = -3. Suppose -4*x - 3*i = -63, s*i + 6 = -3. Suppose 3*h - 15 = -5*l, x + 28 = 4*h - 2*l. What is the remainder when 28 is divided by h?
8
Suppose -y = -0 - 1. Let n be (21/12)/(y/24). Calculate the remainder when 19 is divided by n/4*4/6.
5
Suppose 7*m - 4*m = 39. Calculate the remainder when 49 is divided by m.
10
Suppose -3*o = 2*o + 10. Let z(f) = -2*f - 2. Suppose -2*h - 2 = -3*h. Calculate the remainder when h is divided by z(o).
0
Suppose 2*m = -4, -2*k = -0*k - 5*m - 48. What is the remainder when k is divided by 4?
3
Let f = -86 - -138. Suppose o = -0*o + 5. Suppose 36 + 51 = 4*j - o*d, 69 = 4*j + d. Calculate the remainder when f is divided by j.
16
Suppose -5*s - 4*z - 194 = -7*s, 81 = s + 2*z. Calculate the remainder when s is divided by 23.
20
Let v = -4 - -6. Suppose 2*r + 0*a = v*a - 12, 0 = -a + 3. Let u(s) = -3*s + 4. Calculate the remainder when 24 is divided by u(r).
11
Suppose -3*y = 2*y. Suppose 2*s = -y*l + l + 5, 5*l - 5*s + 5 = 0. Suppose g = -l*g + 64. What is the remainder when g is divided by 9?
7
Let h be 6/(-21) - (-2)/7. Suppose h = -2*p - x + 11 + 1, -p + 12 = 2*x. Suppose 5*t = 6 + p. What is the remainder when 5 is divided by t?
1
Let k = -4 + 6. Suppose 0*l + 4*l = n + 22, -k*l + 16 = 2*n. What is the remainder when 6 is divided by -2*(-15)/l + -1?
2
Suppose -3*o = 4*g - 23, 4*o + 4*g = -g + 30. Suppose o*w = -5*d + 170, 2*w - 53 = -2*d + 3*w. What is the remainder when 86 is divided by d?
28
What is the remainder when (0 - 6/4)/((-60)/2440) is divided by 13?
9
Suppose 0 = 5*v + 2*p - 23, 2*v - 5*p = -v + 20. Calculate the remainder when 33 is divided by v.
3
Let y(q) be the second derivative of 1/3*q**3 + 3/2*q**2 + 0 - 1/4*q**4 + 1/20*q**5 + 2*q. Calculate the remainder when y(4) is divided by 14.
13
Suppose 4*b - 56 - 36 = 0. Let t = 40 - b. Calculate the remainder when t is divided by 12*((-5)/(-2))/5.
5
Let p be (-58)/(-18) + (-2)/9. Suppose p = -0*r + 3*r. Calculate the remainder when r is divided by 1.
0
Let z be 2/7 - 178/(-14). Let f = 18 - z. Suppose b + 3*c - 12 = -2, -f*c + 4 = b. What is the remainder when 56 is divided by b?
18
Let q(v) = -v + 22. Let a be (-2)/10 - (-5)/25. Calculate the remainder when q(a) is divided by 8.
6
Suppose 0 = 3*t - 2*m + m - 54, -2*t - 5*m + 19 = 0. Calculate the remainder when 48 is divided by t.
14
Let d be 3 + 3/6*-2. Let x = d - -5. What is the remainder when x is divided by 4?
3
Let x(p) = p**2 + 3*p. What is the remainder when 33 is divided by x(3)?
15
Let p be 2*(2 + (-63)/(-6)). Suppose -p = -4*s + 47. Calculate the remainder when s is divided by 5.
3
Suppose 2*a - 4*a + 10 = 0. Suppose -m + 5*l = -3*m, -l = 5*m - 46. Calculate the remainder when m/15*78/4 is divided by a.
3
Let y(x) = 95*x - 4. What is the remainder when y(1) is divided by 31?
29
Suppose 2*u + 13 = 3. Calculate the remainder when 4 is divided by (6/(-4))/(u/10).
1
Calculate the remainder when 169 is divided by (44/(-66))/(4/(-270)).
34
Let j(v) = 4*v + 1. Let l be j(2). Let z be ((-39)/l - -1)*-3. What is the remainder when 5 is divided by z/(-35) - (-16)/7?
1
Suppose -o - 3*p + 0*p - 8 = 0, -39 = 4*o + 5*p. Let x = o - -19. Suppose 3*a - x = -a. Calculate the remainder when 5 is divided by a.
1
Suppose 3*u + u - 128 = 0. Suppose u = g + g. Suppose 5*v - g = -0*c - c, 4*c - 2*v = 20. Calculate the remainder when 17 is divided by c.
5
Let u = -3 + 7. Suppose 0 = -3*c - 2*m + 32, -c + 0*m - 8 = -u*m. Calculate the remainder when (23/(-3))/((-2)/6) is divided by c.
7
Let l = -40 - -73. Calculate the remainder when l is divided by 9.
6
Let y be (-1 + 15)*(-2)/(-4). Let w(h) = h**2 - 6*h + 3. Calculate the remainder when (-178)/(-6) - 2/3 is divided by w(y).
9
Suppose -4*m = -5*j - 128, 2*j + 47 = 5*m - 113. What is the remainder when m is divided by (1 - (-24)/2) + 4?
15
Suppose 2*u + u = -2*n, -3*u + 3*n + 15 = 0. Suppose 5*r = u*w + 3*w + 45, -10 = 2*w. Calculate the remainder when 47 is divided by 6/4 + 58/r.
15
Let f(t) = -33*t. Let c be f(1). Let y = c - -65. What is the remainder when y is divided by 17?
15
What is the remainder when 2 - (196/6 - 1)*-3 is divided by 25?
22
Suppose 2*n + n + 21 = 0. Let j(v) = v + 12. Calculate the remainder when 14 i